2 - 5*z + 9. Let l be y(-6). Let g(n) = -2*n + n - 2*n + 3 - l. Calculate g(-1).
3
Let l(v) = -v - 3. Suppose 2 = h - 3. Let c(x) = -x**2 + 9*x - 17. Let g be c(h). Suppose 0 = -g*t, -r + 0*t = 5*t + 5. Determine l(r).
2
Suppose 18*r + 725 = -126*r - r. Let p(t) = -t**2 - 8*t - 10. Calculate p(r).
5
Let c(p) be the second derivative of -p**4/12 + 3*p**2 - 1140*p - 1. Determine c(-6).
-30
Let x(z) = 13*z + 939. Let a be x(-72). Let n(p) be the first derivative of 1/2*p**2 - 1/4*p**4 + 1/3*p**a - 3 - p. Give n(1).
0
Let x be 76/8 + (-1 - 8). Let v(a) be the second derivative of 1/3*a**4 + 0 - x*a**2 - 11*a + 1/6*a**3. What is v(2)?
17
Let m(u) = u**3 - u**2 - u - 1. Let s be (10/(-40)*2)/(1/(-6)). Let f be (24/(-144) - (-10)/12)*s. What is m(f)?
1
Let o(n) = -6*n - 4*n - 3 + 5*n + 4*n. Suppose -5*x - 5*q = -145, -3*x + 87 = -0*x + q. Suppose -14*h + x = -13. What is o(h)?
-6
Let c be (88/(-10))/(-1) + (-4)/(-20). Let j(p) = -2*p + 37. Give j(c).
19
Suppose -22*h - 284 = 90. Let b(i) = -20*i**3 + 50*i**2 - 17*i + 7. Let z(p) = 7*p**3 - 17*p**2 + 6*p - 2. Let k(y) = h*z(y) - 6*b(y). Determine k(11).
-8
Let y(x) = -x**2 - 7*x - 5. Let j be y(-6). Let i(p) = j - 4*p + 0 - 4. Let l be -20 + 11 + 7 - (-3 - (0 + -4)). Determine i(l).
9
Let b(x) be the first derivative of x**4/4 + 5*x**3/3 - 8*x**2 - 6*x + 271. Determine b(-7).
8
Let b = 276 - 274. Let x(s) = 14*s - 37*s**3 - 7*s**b - 34*s**3 + 7 + 70*s**3. Determine x(-9).
43
Let s(k) = 8*k - 109. Let j be s(23). Let z = j + -77. Let g(t) = 5*t + 1. Determine g(z).
-9
Let p(i) = -2*i - 13. Let u(l) = 10*l - 120. Let d(t) = -3*p(t) + u(t). Calculate d(5).
-1
Let y(g) = 4*g**2 + g - 6. Let z = 1980 - 1983. Determine y(z).
27
Let k(n) = -n - 45747*n**2 - 7*n + 45748*n**2 - 20. Calculate k(15).
85
Let p(y) be the third derivative of -y**7/2520 + y**6/144 - y**5/10 + 15*y**4/4 + y**3/6 - 10*y**2 + 3*y. Let o(j) be the second derivative of p(j). Give o(7).
-26
Let t = -192 + 195. Suppose 0*h - 5*h - t*u + 7 = 0, -3*h - u + 1 = 0. Let l(y) = -11*y. What is l(h)?
11
Let k = 83 + -240. Let r = -52 - k. Suppose 102*y + 6 = r*y. Let j(o) = o**2 + o + 2. Give j(y).
8
Let k(a) = -a**3 + 18*a**2 + 38*a + 49. Let f be k(20). Let i(h) = h - 9. Give i(f).
0
Let h(p) = 4*p**2 - 2*p - 10. Let t be h(2). Let o(u) = u**3 + 8 - 17 + 4 + 5*u**t - u. Give o(-5).
0
Let x(i) = -25*i + 2. Let g be (-3)/(-6)*(-4)/(-5) + 630/175. Give x(g).
-98
Let w(m) = m**2 + 3*m - 5. Let j be (-6)/(((-42)/84)/((-2)/4)). Determine w(j).
13
Let s(d) = -d**2 - 5*d + 4. Suppose 71*v - 933 = 74*v. Let l = 304 + v. What is s(l)?
-10
Let v(j) = -9*j**2 - j - 1. Let b(u) = 19*u**2 - 8*u + 21. Let d(h) = b(h) + 2*v(h). Calculate d(8).
3
Let r = 13748 + -13744. Let g(m) = 2*m**2 - 4*m - 15. Determine g(r).
1
Let s(k) = 3*k**2 - 90 - 35 + k + 67 - 2*k**2. Let d be s(-8). Let q(l) = -2*l - 8. Determine q(d).
-4
Let f(n) = 11*n**3 + 5*n**2 - 3*n - 1. Let r = 14986 - 14985. Give f(r).
12
Suppose 0 = -b + 2*c + 6939, -4*c = 8 + 12. Let x(y) = 6927*y - b*y + 4 + 5. What is x(10)?
-11
Suppose 124*a - 3951 + 18595 = 647*a. Let y(h) = 2*h - 18. Give y(a).
38
Let r(q) be the third derivative of -q**6/120 - q**5/20 + q**4/4 + 2*q**3 + 2*q**2 - 295*q. Determine r(-3).
-6
Let j be (5/(-4))/((21/(-126))/(20/(-15))). Let y(v) = -v**2 - 3*v + 57. What is y(j)?
-13
Let x(q) = -7*q**3 - 2*q**2 + 11*q + 16. Let j(v) = 2*v**3 + v**2 - v - 6. Let c(b) = -3*j(b) - x(b). Calculate c(2).
-10
Let g(h) be the third derivative of -h**4/24 - 8*h**3/3 + h**2. Suppose -2*x = 2*r + 6, 31*r + 7 = -5*x + 25*r. Calculate g(x).
-5
Let g(m) = m**3 + 6*m**2 - m - 1. Let c = -104 - -40. Let n = -61 - c. Suppose r + 2 = 0, n*t - 4*r + 7*r + 24 = 0. Determine g(t).
5
Let v(q) = q**2 + 10*q + 9. Suppose 0 = -6*m + 7675 - 7717. Calculate v(m).
-12
Let y(p) = p**2 + 3. Let q(v) = -10*v + 94. Let a(k) = 29*k - 282. Let j(w) = 3*a(w) + 8*q(w). Let t be j(13). Calculate y(t).
12
Let n be (10/4)/((-2)/((-20)/5)). Suppose n*s = 2 + 8. Let q(m) = m**2 + 11 - 2*m**s - 21 + 7 - 6*m. Determine q(-5).
2
Let n(r) be the second derivative of -r**4/12 + r**3/3 - 5*r**2 + 373*r + 5. Give n(0).
-10
Let o(r) be the second derivative of 11/6*r**3 - 4*r**2 - 4*r + 1/12*r**4 - 9. What is o(-12)?
4
Let z be (-16)/24 + 22/6. Suppose z*h + 7 = 13. Let d(f) = -f - 6 + 19*f**h - 2 + 7. Calculate d(-1).
19
Let y(n) = -n**3 + 10*n**2 + 14*n + 19. Suppose 2*i + 4*o - 153 + 99 = 0, 0 = 3*i + 5*o - 73. What is y(i)?
52
Suppose 0 = 16*i - 12*i - 8. Let j be (6 - 11/i) + 11/(-2). Let v(l) be the first derivative of -l**3/3 - 5*l**2/2 + 6*l - 8. What is v(j)?
6
Let i(b) = 3*b**3 - 12*b**2 + 7*b - 66. Let h(f) = 2*f**3 - 6*f**2 + 4*f - 32. Let r(c) = 5*h(c) - 3*i(c). Calculate r(-7).
-4
Let x(j) = j**2 - 160*j + 4458. Let s be x(124). Let d(m) = m**2 - 4*m - 55. What is d(s)?
5
Let s(o) be the first derivative of -o**4/4 + o**3/3 + o**2/2 - 6. Let g(z) = -z**3 + 10*z**2 + 11*z - 2. Suppose 9 = 3*b - 24. Let v be g(b). What is s(v)?
10
Let i(s) be the first derivative of 16*s**3/3 - s**2/2 + 2. Let m = 109 + -107. Suppose -2*r + 0 = 4*y + 6, -5*r + m*y + 9 = 0. What is i(r)?
15
Let r be (-31*3/(-279) + (-16)/3)/(-5). Let s(z) = z + 5*z**2 - 40*z**2 + 0*z. What is s(r)?
-34
Let i(o) = -5*o**3 + 3*o**2 + 13*o - 1. Let y(w) = -2*w**3 + 2*w**2 + 7*w. Let q(k) = 3*i(k) - 5*y(k). Determine q(1).
-5
Let d(r) be the first derivative of -r**4/4 + 4*r**3 + 17*r**2/2 - 207*r - 31. Give d(12).
-3
Let u(b) = -2*b**2 + 2*b + 3. Suppose 0 = -r - 2*v - 8, 4*r - 3*v + v = -72. Let c be (-9)/(-12) - 2180/r. Let m = -140 + c. Determine u(m).
-21
Let m(w) = -4*w + 2*w**2 - 30 + 0*w**2 - w**2 + 21. Let x be m(5). Let y be 5/(-10)*x/(-2). Let h(b) = 6*b - 1. Calculate h(y).
-7
Let x(g) be the first derivative of -g**3/3 + 4*g**2 - 4*g + 701. Let m(o) = o - 3. Let l = 33 + -23. Let i be m(l). What is x(i)?
3
Suppose 4*t + 14 = -4*n - n, 0 = 5*n - 2*t + 38. Let q(g) = g + 12. Let a(v) = 7*v + 53. Let s(c) = a(c) - 4*q(c). What is s(n)?
-13
Suppose -4*w + 35*w + 47 + 108 = 0. Let d(l) = l**3 + 2*l**2 - 2*l - 9. What is d(w)?
-74
Suppose 7*n = -0*n + 63. Let p(a) = 3 - 27*a + 8*a**3 - 5*a**2 - n*a**3 + 25*a. What is p(-4)?
-5
Let w be (-10)/4 + 8/(16/(-3)). Let x be (-6)/w*(-24)/(-18)*9. Let q(b) = -41*b - b**2 + x*b + 20*b + 1. Calculate q(-6).
-17
Let m(f) = -2 - 9 + 4*f + 0 - 5. Let y = -5282 - -5289. Determine m(y).
12
Let b(q) = q**3 - 4*q**2 - 2*q - 2. Let j(f) be the third derivative of -f**6/60 + 19*f**5/60 - 3*f**4/8 + 2*f**3/3 + 12*f**2 + f. Let d be j(9). What is b(d)?
-10
Let n(i) = 571*i + 93 + 78 - 3 - 4 - 564*i. What is n(-23)?
3
Let n(q) = 4 + 36*q**2 - 111*q + 64*q + 49*q - 3. Determine n(-1).
35
Suppose 4*q - 2*w = -6, -10 - 18 = -3*q + 8*w. Let n(t) = -t**2 - 5*t - 1. Determine n(q).
3
Suppose 18 = q - 5*d + 11, 0 = -2*q + 4*d + 8. Suppose 0 = -q*u + u + 3*u. Let i(c) = c - 8. Determine i(u).
-8
Suppose -40 = -26*q + 34*q. Let d = 4 - -1. Let a(k) = k**2 - 6 + d*k + 10*k - 14*k. Give a(q).
14
Suppose -2*s + 16 + 2 = 0. Let l(q) = 3*q + 2 - q - 7*q + 4*q. Let c(a) = 4*a - 16. Let j(u) = -c(u) - 2*l(u). Calculate j(s).
-6
Let y(c) be the third derivative of -c**5/24 + c**4/24 + 11*c**3/2 + c**2 - 18*c. Let s(o) be the first derivative of y(o). Determine s(-2).
11
Let l(z) be the second derivative of -z**4/8 + 5*z**3/6 - 53*z**2 - 2*z + 3. Let t(b) be the first derivative of l(b). Calculate t(6).
-13
Let s = 20 - 12. Let l be 2*(-2)/s*(4 - -4). Let m(f) = f**2 - 8*f - 5. Let h(r) = 6*r**2 - 41*r - 26. Let a(v) = -2*h(v) + 11*m(v). What is a(l)?
5
Let i(d) = 3*d**3 - 2*d**2 + 3*d - 2. Let l(y) = 5*y**2 + y - 17. Let t = 99 + -104. Let o be l(t). Let p = -101 + o. What is i(p)?
20
Let c(l) be the third derivative of l**6/120 + l**5/30 - 11*l**4/24 - 10*l**3/3 + 22*l**2 - 22. Determine c(-3).
4
Let m(i) be the first derivative of i**3 - 26*i**2 - 33*i + 587. Calculate m(18).
3
Let q = -27650 - -27646. Let l(g) = 2*g**2 + 11*g. Give l(q).
-12
Let y(h) = 15*h - 25. Let v(o) = 11*o - 28. Let d(g) = -3*v(g) + 2*y(g). What is d(7)?
13
Let c(g) = -g + 1. Let y be 4 - (3/2)/(10/(-100)). Calculate c(y).
-18
Let l(h) = 566*h - 1705. Let a be l(3). Let n(t) = t**2 + 2*t - 7. Calculate n(a).
28
Let x(z) = -2*z**2 + 240*z + 482. Suppose -j = -4*n -